 + 5*y = -2*b - 582. Calculate the greatest common divisor of b and 98.
7
Let f(v) = -247*v - 2678. Let l be f(-12). Calculate the greatest common divisor of l and 55.
11
Suppose 28*p = 35*p + 2401. Let z be p/(-4) - (-58)/232. What is the highest common factor of z and 43?
43
Let t be 3*1 - (3 - (5 + -5)). Let l(o) = 2*o**2 + t*o**2 + 7 + 2 + 12*o - 1. Let m be l(-8). What is the highest common factor of m and 100?
20
Suppose s + 2*l = 3, 6*l - 3*l = 0. Suppose 2*f = -29 - s. Let z = f + 51. What is the highest common factor of z and 14?
7
Suppose 5*v - 14 + 9 = 0. Let b = v - -133. Suppose 3*o - p - b = 0, 5*p = 3*o - 56 - 62. Calculate the greatest common factor of 23 and o.
23
Let o be (-55)/22*(-4)/30*6. Suppose -6 = -o*t + 18. Calculate the highest common divisor of 90 and t.
6
Let q = 112 - 106. Let a be 20/15*q*4. Let n = -178 - -402. What is the highest common factor of n and a?
32
Suppose -7*c + 3970 = 1226. Suppose 4*k + 2 = 30. What is the greatest common factor of k and c?
7
Suppose 166 = 2*d - 5*p, -p - 2 - 4 = 0. What is the highest common factor of d and 16252?
68
Let y(l) = l**3 - 30*l**2 + 68*l - 103. Let u be y(33). What is the greatest common divisor of u and 507?
169
Let q(f) = 7*f + 123. Let x be q(-16). Let v = -13 + 24. What is the highest common factor of x and v?
11
Let q be (0 - -200)/(-2 - -3). Suppose 53*k - 55*k + q = 0. Let v = 31 - 11. What is the highest common factor of k and v?
20
Suppose -28*z = 3*o - 26*z - 14486, -2*o + 9689 = -5*z. What is the highest common factor of o and 16?
16
Suppose o - 5*v + 2 = 0, -27 + 55 = 2*o - 2*v. Calculate the greatest common divisor of 18288 and o.
18
Suppose 34 - 20 = 7*m. Suppose -73 = m*s - 85. Let a be 2/(2 + 0) - -47. Calculate the greatest common factor of s and a.
6
Let z = 123 - -41. Suppose 4*t - 3*n - 133 = z, 0 = -3*t - n + 226. Calculate the greatest common divisor of t and 25.
25
Suppose -3*y + 2*r + 94 = 0, 0*y + r + 127 = 4*y. Suppose 4*l + 335 - 311 = 0. Let s be (5328/(-518))/(l/28). Calculate the highest common factor of s and y.
16
Let v = 23 - 29. Let p be 2 - v/2 - 4. Let k be 21/42 + 2/4. Calculate the greatest common factor of p and k.
1
Let y = 225 + -151. Let s(v) = -v**3 - 20*v**2 - 47*v + 14. Let b be s(-17). Let w = y + b. What is the greatest common divisor of w and 180?
20
Let b = -16 + -23. Let n be (-130)/b*(16 - 1). Let c be 4 + n/1 + 2. What is the greatest common divisor of c and 7?
7
Suppose n - 443 = -5*g + 4*g, -n = -4*g - 433. Suppose -33 = -i + 2*v, 3958*v + 220 = 4*i + 3961*v. What is the highest common factor of i and n?
49
Let d = -4502 + 4525. What is the greatest common divisor of 1679 and d?
23
Suppose z = -1 + 102. Let n = z + -69. Let d = n - 18. What is the greatest common factor of 7 and d?
7
Let t(j) = -j + 124. Let b be t(0). Suppose 0 = 2*d + 46 - b. Let k(i) = 8*i**2 - 89*i - 184. Let v be k(-2). What is the highest common divisor of d and v?
13
Let q = -44388 + 69809. Let w be (-2)/14 + q/77. What is the greatest common factor of 198 and w?
66
Let s = 119 - 77. Let b be (-9)/5*50/(-15). Calculate the greatest common divisor of s and b.
6
Let n be (12*-1)/4 - (-114 - -38). Calculate the greatest common divisor of 32047 and n.
73
Let t = 2920 + -2640. Calculate the highest common factor of 160 and t.
40
Let i(f) = -f**3 - 2*f**2 + 6*f + 1452. Let k be i(0). Calculate the greatest common divisor of 6 and k.
6
Suppose 7*k - 6*k = -4*v + 35, 0 = v - 3*k - 12. What is the greatest common factor of v and 375?
3
Suppose -5*m = -35, 89 - 142 = -3*x + 4*m. Calculate the highest common divisor of 603 and x.
9
Let g be (-2 - -3)/((-125)/(-125000)). What is the greatest common divisor of 640 and g?
40
Suppose -5*q - z + 24 = 0, -6 - 2 = 2*q - 4*z. Suppose -2*k = q*k - 12. Suppose -3 = k*d - 7. What is the highest common factor of 6 and d?
2
Let z = -16920 - -17687. What is the greatest common factor of z and 1062?
59
Suppose 3*i - 2 = 5*p - 5, -2*p - 4*i + 22 = 0. Suppose -5*o + o - 2*y = -136, -p*o + 102 = 2*y. What is the highest common factor of o and 68?
34
Let a be (-7*20/(-70))/(((-6)/(-6867))/1). What is the highest common factor of a and 21?
21
Let b(t) = -526*t - 2102. Let q be b(-4). What is the greatest common factor of 239 and q?
1
Let c = -12 + 16. Suppose -d + 9 = 5*n, 6*n - 11*n = -c*d - 14. Suppose -33 = n*y - 5*y - 3*a, -2*a - 10 = 0. Calculate the greatest common divisor of 16 and y.
16
Let l be (9975/300)/((-1)/(-52)). Calculate the highest common factor of l and 133.
133
Let c(v) = 149*v**2 - 13*v + 40. Let m be c(3). What is the highest common factor of m and 176?
22
Let v be (-1276)/(-87) - (-4)/3. Suppose -14*q + 10*q = -16. Suppose q*t - 8*t - 268 = -2*j, -2*j = -t - 259. Calculate the highest common factor of j and v.
16
Let n(s) = 688*s - 199. Let t be n(9). Calculate the greatest common factor of t and 39.
13
Suppose 4*o + 123 = 191. Suppose -60 = -4*l + 4*g, -2*l = g - o - 4. Calculate the greatest common divisor of l and 9.
3
Let d(q) = -q**2 + 2*q + 15. Suppose 0 = 3*a - 15, 6*a = -3*l + 5*a + 5. Let w be d(l). What is the greatest common factor of 25 and w?
5
Suppose -2*m - 4*o = -76, 0 = -5*m + 4*o + 127 - 7. What is the highest common divisor of 188 and m?
4
Let w(a) = -9*a**2 - 78*a - 4. Let x be w(-8). What is the greatest common factor of x and 77?
11
Let b be 4/(-192)*-74440 - 5/6. What is the greatest common divisor of b and 50?
50
Suppose 0 = i - 2*h + 4, -5*i - 2*h + 15 = -25. Suppose -p + 87 = -k, -2*k = -4*p + i*p - 162. What is the greatest common divisor of 132 and p?
12
Let a(q) = 14*q**3 + 3*q**2 + 36*q - 248. Let g be a(4). Calculate the highest common divisor of g and 32.
8
Let k be (-6)/(-15) + (-159298)/(-230). Suppose -3*u - 5*q + 141 = 0, 9*u - 201 = 4*u + 3*q. What is the greatest common factor of u and k?
21
Let l = -20 - -20. Suppose l = w + 7*t - 3*t + 8, 3*w = -t - 35. Let g = w + 15. Calculate the greatest common factor of 33 and g.
3
Let z = 12226 + -12216. What is the highest common divisor of 655 and z?
5
Let s be (-108)/(-14) + 4/14. Let i be -3*(-1)/7 - 5973/(-77). Let g = -58 + i. Calculate the highest common factor of g and s.
4
Let c(s) = 17*s + 17. Let w be c(14). Suppose -9*p - 8*p = -w. Calculate the highest common factor of p and 9.
3
Let c(i) = -86*i**2 - 7*i - 6. Let h be c(-1). Let a = 245 + h. What is the greatest common factor of a and 128?
32
Let p = 129 - -47. Let a(l) = -l**3 - 8*l**2 + 17*l - 19. Let w be a(-10). What is the highest common factor of w and p?
11
Suppose 3990 = 6*o + 1008. Suppose 7*f = -0*f + o. What is the highest common factor of f and 852?
71
Let g = -77 + 83. Let i(f) = f**2 + f - 3. Let l be i(g). What is the greatest common divisor of 26 and l?
13
Suppose 5*f = n + 268, 3*f + 160 = 6*f - n. Let x = -10402 + 10432. What is the greatest common divisor of f and x?
6
Let g(w) = w**3 + 8*w**2 - 13*w - 17. Let u be g(-5). Suppose 0 = -19*r + 14*r + 205. What is the highest common divisor of u and r?
41
Suppose l + 3 = 0, -2 = -f + 2*l + 7. Let w be 6/27 + 16/9. Suppose f*q - 12 = 2*u, -w*q + 17 - 1 = -4*u. What is the greatest common factor of 6 and q?
2
Suppose 0 = 3*z - 5*r - 13 - 10, 5*z - r - 75 = 0. Let p(w) = -w**2 + 17*w - 6. Let o be p(z). Let v = 58 - 38. What is the highest common factor of v and o?
10
Suppose 3*o + 2*o - 259 = 3*z, 5*z + 115 = 2*o. Let j = -11851 + 12011. Calculate the greatest common factor of o and j.
10
Suppose -536*f + 119 = -543*f. Let r(m) = -2*m + 96. Let i be r(f). What is the highest common factor of i and 65?
65
Suppose -d + 156 = 3*d. Let m = -296 - -329. Suppose -43*z = -m*z - 1950. Calculate the highest common factor of z and d.
39
Let k = 609 - -1707. What is the highest common divisor of k and 4?
4
Let h be (-2 + 1)*(-466 + (-8 - -18)). Calculate the highest common factor of 32 and h.
8
Let z = 31 + -211. Let d = z - -280. Suppose -83*t = -91*t + 160. Calculate the greatest common divisor of d and t.
20
Suppose -277*j + 284*j - 1078 = 0. Suppose 0 = -2*o - 26 - 20. Let f = -1 - o. What is the highest common divisor of f and j?
22
Suppose p - 132 = -2*t, 4*t = -5*p + 5*t + 605. Suppose -195 = -j + 3*u, 4*u = 2*j + 2*j - 748. Calculate the highest common factor of p and j.
61
Let v = -16 - -30.